True
Is 323537 prime?
True
Is 52999 composite?
False
Is 45245261 composite?
True
Is 16973183 a composite number?
False
Is 39371119 prime?
True
Is 2634581 a composite number?
True
Is 814871215 a composite number?
True
Is 24577243 composite?
False
Is 542283139 a prime number?
True
Is 1830989 a composite number?
True
Is 447131 prime?
False
Is 1487561 a prime number?
False
Is 2191567 a prime number?
False
Is 1581257 prime?
True
Is 76999 a prime number?
False
Is 96913987 prime?
True
Is 456220327 composite?
False
Is 48173 prime?
False
Is 195863 a composite number?
False
Is 1838767 composite?
True
Is 79072517 composite?
True
Is 4989581 composite?
False
Is 2245499 a prime number?
False
Is 622133 a composite number?
False
Is 454558553 prime?
True
Is 84439 a composite number?
True
Is 23498581 composite?
True
Is 2401313 a prime number?
False
Is 1160120773 prime?
False
Is 4086631 prime?
True
Is 2513977 a prime number?
False
Is 31960243 a prime number?
False
Is 9742471 a prime number?
True
Is 1694393 a prime number?
True
Is 3429577 composite?
True
Is 102101107 a composite number?
False
Is 10199545 composite?
True
Is 2291807 composite?
True
Is 61644841 composite?
True
Is 2221207 prime?
False
Is 8437567 a composite number?
True
Is 1920731 composite?
False
Is 1828681 composite?
False
Is 434829979 composite?
False
Is 40666133 composite?
False
Is 14618641 a composite number?
False
Is 3811877 composite?
False
Is 809041 composite?
False
Is 14174569 prime?
True
Is 232313 a composite number?
True
Is 374939 prime?
True
Is 7342099 a composite number?
False
Is 546671309 a composite number?
True
Is 2091379 a prime number?
True
Is 1245094339 prime?
False
Is 510086 a prime number?
False
Is 36706031 composite?
False
Is 81970801 prime?
False
Is 81836731 prime?
True
Is 120786397 a prime number?
False
Is 31536877 prime?
False
Is 92520577 composite?
False
Is 2999147 composite?
True
Is 8812381 composite?
True
Is 376691173 composite?
False
Is 40461331 composite?
False
Is 178619383 a composite number?
False
Is 1872737 a prime number?
False
Is 45859643 composite?
True
Is 194560445 prime?
False
Is 15237301 composite?
False
Is 29217659 prime?
False
Is 7394935 composite?
True
Is 29591395 a prime number?
False
Is 40723167 prime?
False
Is 5890291 prime?
False
Is 53756621 composite?
True
Is 8606083 composite?
True
Is 24383273 a prime number?
False
Is 13641989 composite?
False
Is 118831 composite?
False
Is 1522951 composite?
False
Is 35799055 a prime number?
False
Is 201524797 a composite number?
True
Is 35470529 a composite number?
False
Is 15720161 prime?
False
Is 327277135 a prime number?
False
Is 3485294 composite?
True
Is 8068519 a composite number?
False
Is 32066313 a composite number?
True
Is 276494723 a prime number?
True
Is 55451351 composite?
True
Is 646471 a prime number?
False
Is 1073719 prime?
False
Is 1592345463 composite?
True
Is 51193 composite?
False
Is 28020491 a composite number?
False
Is 320332663 a composite number?
True
Is 7868522 prime?
False
Is 290407409 a composite number?
True
Is 13156307 composite?
True
Is 158840677 composite?
True
Is 33411309 composite?
True
Is 3352103 a composite number?
True
Is 129638183 a composite number?
False
Is 2998771 a prime number?
True
Is 26775967 prime?
True
Is 60598457 a composite number?
False
Is 2167693 a prime number?
False
Is 4070197 prime?
True
Is 1472099 composite?
True
Is 15910841 composite?
False
Is 6453683 a prime number?
False
Is 608581 prime?
True
Is 3217881 prime?
False
Is 14964527 a prime number?
True
Is 22676021 prime?
True
Is 89171189 composite?
True
Is 36809209 a prime number?
False
Is 1976829 a prime number?
False
Is 3471301 a prime number?
True
Is 71636447 composite?
False
Is 7814039 a prime number?
False
Is 5204481 a prime number?
False
Is 3038237 prime?
False
Is 35689139 a prime number?
True
Is 6664139 a prime number?
True
Is 4249097 a prime number?
True
Is 7585223 a prime number?
True
Is 197736659 a composite number?
False
Is 166431919 a prime number?
True
Is 11057083 composite?
False
Is 36488234 a composite number?
True
Is 19472407 composite?
True
Is 12983819 a composite number?
False
Is 7251091 prime?
True
Is 502591 composite?
False
Is 145388119 a composite number?
False
Is 4525663 a composite number?
False
Is 74465129 prime?
True
Is 8006351 prime?
False
Is 19552889 composite?
False
Is 33166454 prime?
False
Is 12098267 a prime number?
True
Is 191481503 a composite number?
False
Is 12136897 prime?
True
Is 7389559 prime?
False
Is 1412880753 composite?
True
Is 17660663 prime?
True
Is 425417 a composite number?
False
Is 1191409 a composite number?
False
Is 2367823 composite?
False
Is 3146809 a composite number?
False
Is 23320763 a composite number?
True
Is 53666617 composite?
True
Is 25087141 a composite number?
False
Is 315975137 a prime number?
False
Is 12247901 a prime number?
True
Is 681403 prime?
True
Is 324461597 prime?
True
Is 357041 a composite number?
True
Is 156289513 composite?
True
Is 24192107 a composite number?
False
Is 17340971 a prime number?
False
Is 53113 prime?
True
Is 798243527 prime?
True
Is 23871779 prime?
True
Is 127946359 prime?
True
Is 335999 a composite number?
False
Is 51637249 a prime number?
False
Is 903838069 composite?
False
Is 5809093 a composite number?
False
Is 305219 composite?
False
Is 24462059 a composite number?
False
Is 220190807 composite?
True
Is 14485591 prime?
True
Is 18456667 a prime number?
False
Is 3722767 composite?
False
Is 1755697 prime?
True
Is 9311371 composite?
False
Is 344819 a composite number?
False
Is 10199495 composite?
True
Is 2711497 a composite number?
False
Is 92895095 prime?
False
Is 94751071 composite?
False
Is 1918454737 a prime number?
True
Is 10445429 prime?
False
Is 1315531231 a prime number?
False
Is 6653071 a prime number?
False
Is 49100173 composite?
False
Is 404762 prime?
False
Is 296903273 composite?
False
Is 2641949 a prime number?
True
Is 7907641 composite?
True
Is 62081641 prime?
True
Is 5342989 a prime number?
False
Is 684335885 composite?
True
Is 1916609 prime?
False
Is 21867277 a composite number?
False
Is 689081 prime?
True
Is 79967 a prime number?
True
Is 2972027 a composite number?
False
Is 356613853 a composite number?
True
Is 8454331 prime?
True
Is 11367047 prime?
True
Is 137268259 prime?
True
Is 2285499 composite?
True
Is 2691335 composite?
True
Is 82690291 composite?
False
Is 288039207 composite?
True
Is 12204323 a prime number?
True
Is 163252669 a composite number?
True
Is 2122343 composite?
True
Is 95264419 a prime number?
False
Is 36859679 a prime number?
False
Is 339122783 a prime number?
False
Is 37353 prime?
False
Is 1534499 a composite number?
False
Is 79867 composite?
False
Is 5519647 composite?
True
Is 6784499 a composite number?
False
Is 18723149 prime?
False
Is 187665865 prime?
False
Is 27899101 prime?
False
Is 10642661 a composite number?
False
Is 15213707 prime?
True
Is 13942571 a composite number?
False
Is 245587 a composite number?
False
Is 124324487 a prime number?
False
Is 445859 a prime number?
False
Is 5252581 composite?
False
Is 5591849 a composite number?
True
Is 30251207 prime?
False
Is 28553537 a composite number?
True
Is 5624911 a composite number?
False
Is 186764989 composite?
False
Is 161071 composite?
False
Is 1435594 a composite number?
True
Is 15998117 a prime number?
False
Is 2268324583 a composite number?
True
Is 50905177 a composite number?
False
Is 3980887 prime?
True
Is 61352749 a prime number?
True
Is 25562501 a composite number?
True
Is 7658419 a composite number?
False
Is 1496827 a prime number?
True
Is 2337667 a composite number?
False
Is 1205839 a prime number?
False
Is 26503229 prime?
True
Is 273545 composite?
True
Is 6201103 prime?
True
Is 56174897 composite?
True
Is 388103119 a composite number?
False
Is 233677 composite?
True
Is 181901689 a composite number?
False
Is 1027919 prime?
False
Is 6237573 a prime number?
False
Is 251431099 prime?
False
Is 277164623 a composite number?
False
Is 3122167 a prime number?
False
Is 293789101 composite?
True
Is 16915823 a prime number?
True
Is 586541 composite?
False
Is 25495999 composite?
False
Is 2398849 a composite number?
False
Is 193517 a composite number?
True
Is 1406443 composite?
False
Is 76065491 a prime number?
False
Is 1243577 compos